emainder when 89 is divided by 27?
8
What is the remainder when 1414 is divided by 67?
7
What is the remainder when 220 is divided by 199?
21
What is the remainder when 290 is divided by 21?
17
Calculate the remainder when 287 is divided by 65.
27
Calculate the remainder when 228 is divided by 58.
54
Calculate the remainder when 631 is divided by 12.
7
Calculate the remainder when 358 is divided by 72.
70
Calculate the remainder when 2084 is divided by 415.
9
What is the remainder when 685 is divided by 227?
4
Calculate the remainder when 1287 is divided by 61.
6
What is the remainder when 77 is divided by 6?
5
Calculate the remainder when 355 is divided by 36.
31
Calculate the remainder when 5578 is divided by 9.
7
What is the remainder when 473 is divided by 68?
65
Calculate the remainder when 739 is divided by 187.
178
What is the remainder when 130 is divided by 16?
2
Calculate the remainder when 63 is divided by 14.
7
Calculate the remainder when 121 is divided by 42.
37
What is the remainder when 544 is divided by 226?
92
What is the remainder when 1055 is divided by 98?
75
Calculate the remainder when 126 is divided by 22.
16
Calculate the remainder when 743 is divided by 24.
23
Calculate the remainder when 60 is divided by 30.
0
What is the remainder when 4862 is divided by 35?
32
What is the remainder when 33 is divided by 12?
9
What is the remainder when 296 is divided by 261?
35
Calculate the remainder when 2175 is divided by 68.
67
What is the remainder when 116 is divided by 9?
8
Calculate the remainder when 4795 is divided by 9.
7
Calculate the remainder when 203 is divided by 173.
30
What is the remainder when 2778 is divided by 230?
18
Calculate the remainder when 416 is divided by 35.
31
Calculate the remainder when 193 is divided by 22.
17
What is the remainder when 345 is divided by 131?
83
Calculate the remainder when 634 is divided by 160.
154
What is the remainder when 2630 is divided by 110?
100
Calculate the remainder when 1847 is divided by 9.
2
What is the remainder when 268 is divided by 6?
4
What is the remainder when 1049 is divided by 177?
164
What is the remainder when 262 is divided by 77?
31
Calculate the remainder when 63 is divided by 18.
9
Calculate the remainder when 227 is divided by 43.
12
Calculate the remainder when 79 is divided by 21.
16
What is the remainder when 1269 is divided by 22?
15
Calculate the remainder when 308 is divided by 109.
90
Calculate the remainder when 210 is divided by 12.
6
What is the remainder when 692 is divided by 63?
62
What is the remainder when 853 is divided by 51?
37
What is the remainder when 1687 is divided by 282?
277
What is the remainder when 919 is divided by 57?
7
What is the remainder when 52 is divided by 29?
23
What is the remainder when 20 is divided by 3?
2
What is the remainder when 240 is divided by 50?
40
What is the remainder when 48 is divided by 17?
14
Calculate the remainder when 145 is divided by 33.
13
What is the remainder when 129 is divided by 38?
15
What is the remainder when 3772 is divided by 1253?
13
What is the remainder when 756 is divided by 280?
196
What is the remainder when 532 is divided by 184?
164
Calculate the remainder when 55 is divided by 25.
5
What is the remainder when 127 is divided by 46?
35
Calculate the remainder when 710 is divided by 65.
60
What is the remainder when 8231 is divided by 147?
146
Calculate the remainder when 270 is divided by 144.
126
Calculate the remainder when 15 is divided by 10.
5
Calculate the remainder when 249 is divided by 129.
120
What is the remainder when 491 is divided by 21?
8
What is the remainder when 108 is divided by 87?
21
Calculate the remainder when 63 is divided by 42.
21
Calculate the remainder when 76 is divided by 17.
8
Calculate the remainder when 118 is divided by 40.
38
Calculate the remainder when 154 is divided by 69.
16
What is the remainder when 394 is divided by 128?
10
What is the remainder when 251 is divided by 70?
41
What is the remainder when 788 is divided by 190?
28
Calculate the remainder when 12125 is divided by 67.
65
What is the remainder when 22 is divided by 9?
4
What is the remainder when 89 is divided by 18?
17
Calculate the remainder when 4028 is divided by 18.
14
What is the remainder when 335 is divided by 16?
15
What is the remainder when 114 is divided by 34?
12
Calculate the remainder when 74 is divided by 11.
8
What is the remainder when 206 is divided by 83?
40
Calculate the remainder when 640 is divided by 160.
0
What is the remainder when 386 is divided by 29?
9
What is the remainder when 1118 is divided by 33?
29
What is the remainder when 2925 is divided by 101?
97
What is the remainder when 1052 is divided by 350?
2
What is the remainder when 79 is divided by 18?
7
Calculate the remainder when 127 is divided by 67.
60
What is the remainder when 2664 is divided by 95?
4
Calculate the remainder when 188 is divided by 31.
2
What is the remainder when 334 is divided by 68?
62
Calculate the remainder when 4214 is divided by 4184.
30
What is the remainder when 2462 is divided by 56?
54
What is the remainder when 399 is divided by 51?
42
What is the remainder when 745 is divided by 15?
10
What is the remainder when 333 is divided by 108?
9
What is the remainder when 213 is divided by 85?
43
What is the remainder when 266 is divided by 17?
11
What is the remainder when 689 is divided by 15?
14
Calculate the remainder when 117 is divided by 12.
9
What is the remainder when 23539 is divided by 133?
131
Calculate the remainder when 105 is divided by 16.
9
What is the remainder when 196 is divided by 18?
16
What is the remainder when 2564 is divided by 18?
8
Calculate the remainder when 2415 is divided by 36.
3
What is the remainder when 4910 is divided by 78?
74
What is the remainder when 64 is divided by 16?
0
What is the remainder when 34 is divided by 12?
10
Calculate the remainder when 12157 is divided by 2024.
13
What is the remainder when 8684 is divided by 45?
44
What is the remainder when 32 is divided by 24?
8
Calculate the remainder when 274 is divided by 46.
44
What is the remainder when 1933 is divided by 51?
46
Calculate the remainder when 1771 is divided by 4.
3
What is the remainder when 915 is divided by 133?
117
Calculate the remainder when 283 is divided by 15.
13
What is the remainder when 549 is divided by 113?
97
Calculate the remainder when 39 is divided by 6.
3
Calculate the remainder when 71 is divided by 12.
11
What is the remainder when 160 is divided by 36?
16
Calculate the remainder when 67 is divided by 29.
9
Calculate the remainder when 1185 is divided by 195.
15
Calculate the remainder when 162 is divided by 34.
26
What is the remainder when 628 is divided by 37?
36
What is the remainder when 1287 is divided by 446?
395
Calculate the remainder when 178 is divided by 50.
28
Calculate the remainder when 102 is divided by 52.
50
What is the remainder when 84 is divided by 17?
16
What is the remainder when 106 is divided by 14?
8
Calculate the remainder when 132 is divided by 52.
28
Calculate the remainder when 1574 is divided by 21.
20
What is the remainder when 1726 is divided by 54?
52
What is the remainder when 56 is divided by 15?
11
What is the remainder when 295 is divided by 53?
30
What is the remainder when 291 is divided by 94?
9
What is the remainder when 196 is divided by 35?
21
Calculate the remainder when 1263 is divided by 53.
44
Calculate the remainder when 182 is divided by 59.
5
What is the remainder when 64 is divided by 34?
30
What is the remainder when 132 is divided by 36?
24
What is the remainder when 150 is divided by 14?
10
Calculate the remainder when 3826 is divided by 58.
56
Calculate the remainder when 384 is divided by 82.
56
Calculate the remainder when 214 is divided by 55.
49
What is the remainder when 103 is divided by 13?
12
Calculate the remainder when 125 is divided by 18.
17
What is the remainder when 85 is divided by 82?
3
Calculate the remainder when 849 is divided by 118.
23
What is the remainder when 232 is divided by 22?
12
What is the remainder when 1849 is divided by 69?
55
What is the remainder when 1933 is divided by 22?
19
What is the remainder when 1280 is divided by 453?
374
Cal